{"id":13,"date":"2023-08-15T08:05:13","date_gmt":"2023-08-15T08:05:13","guid":{"rendered":"https:\/\/fuemi-kijufa.de\/?page_id=13"},"modified":"2026-04-17T07:24:55","modified_gmt":"2026-04-17T07:24:55","slug":"startseite","status":"publish","type":"page","link":"https:\/\/fuemi-kijufa.de\/","title":{"rendered":"Herzlich Willkommen"},"content":{"rendered":"\n<div class=\"wp-block-cover alignfull is-light hestia-clear-top-padding\"><span aria-hidden=\"true\" class=\"wp-block-cover__background has-white-background-color has-background-dim-100 has-background-dim\"><\/span><div class=\"wp-block-cover__inner-container is-layout-flow wp-block-cover-is-layout-flow\">\n<h2 class=\"wp-block-heading has-text-align-center has-text-color\" style=\"color:#3c4858\">auf unserer Vereins Homepage<\/h2>\n\n\n\n<div style=\"height:40px\" aria-hidden=\"true\" class=\"wp-block-spacer\"><\/div>\n\n\n\n<figure class=\"wp-block-image size-large\"><img fetchpriority=\"high\" decoding=\"async\" width=\"1024\" height=\"947\" src=\"https:\/\/fuemi-kijufa.de\/wp-content\/uploads\/2023\/08\/cropped-cropped-cropped-logo-1024x947.webp\" alt=\"\" class=\"wp-image-41\" srcset=\"https:\/\/fuemi-kijufa.de\/wp-content\/uploads\/2023\/08\/cropped-cropped-cropped-logo-1024x947.webp 1024w, https:\/\/fuemi-kijufa.de\/wp-content\/uploads\/2023\/08\/cropped-cropped-cropped-logo-300x278.webp 300w, https:\/\/fuemi-kijufa.de\/wp-content\/uploads\/2023\/08\/cropped-cropped-cropped-logo-768x710.webp 768w, https:\/\/fuemi-kijufa.de\/wp-content\/uploads\/2023\/08\/cropped-cropped-cropped-logo-1536x1421.webp 1536w, https:\/\/fuemi-kijufa.de\/wp-content\/uploads\/2023\/08\/cropped-cropped-cropped-logo.webp 1920w\" sizes=\"(max-width: 1024px) 100vw, 1024px\" \/><\/figure>\n\n\n\n<div style=\"height:40px\" aria-hidden=\"true\" class=\"wp-block-spacer\"><\/div>\n<\/div><\/div>\n\n\n\n<div class=\"wp-block-columns container is-layout-flex wp-container-core-columns-is-layout-9d6595d7 wp-block-columns-is-layout-flex\">\n<div class=\"wp-block-column col-md-5 is-layout-flow wp-block-column-is-layout-flow\">\n<div style=\"height:55px\" aria-hidden=\"true\" class=\"wp-block-spacer\"><\/div>\n\n\n\n<p class=\"has-text-align-left has-medium-font-size\">Willkommen beim Verein F\u00fcreinander \u2013 Miteinander f\u00fcr Kinder, Jugendliche<br>und Familien e. V.<\/p>\n\n\n\n<p class=\"has-text-align-left has-medium-font-size\"><br>Wir setzen uns f\u00fcr Begegnung, Unterst\u00fctzung und Gemeinschaft von<br>Familien in unserer Region ein.<br>Eines unserer Ziel ist es, R\u00e4ume zu schaffen, in denen Kinder, Jugendliche<br>und Eltern zusammenkommen, sich austauschen und gemeinsam wachsen k\u00f6nnen.<br>Dar\u00fcber hinaus organisieren wir vielf\u00e4ltige Freizeitangebote und<br>gemeinsame Erlebnisse.<br>In der Gemeinde gestalten wir familiengerechte Angebote und<br>Veranstaltungen, die f\u00fcr alle zug\u00e4nglich und bezahlbar sind \u2013 viele unserer<br>Angebote sind sogar kostenlos.<br>Wir m\u00f6chten einen Ort schaffen, an dem sich Kinder, Jugendliche und<br>Familien wohlf\u00fchlen, austauschen und gemeinsam Zeit verbringen k\u00f6nnen.<br>Gemeinsam f\u00fcr eine starke Gemeinschaft \u2013 f\u00fcreinander, miteinander.<\/p>\n<\/div>\n<\/div>\n\n\n\n<p><\/p>\n","protected":false},"excerpt":{"rendered":"<p>Willkommen beim Verein F\u00fcreinander \u2013 Miteinander f\u00fcr Kinder, Jugendlicheund Familien e. V. Wir setzen uns f\u00fcr Begegnung, Unterst\u00fctzung und Gemeinschaft vonFamilien in unserer Region ein.Eines unserer Ziel ist es, R\u00e4ume zu schaffen, in denen Kinder, Jugendlicheund Eltern zusammenkommen, sich austauschen und gemeinsam wachsen k\u00f6nnen.Dar\u00fcber hinaus organisieren wir vielf\u00e4ltige Freizeitangebote undgemeinsame Erlebnisse.In der Gemeinde gestalten wir [&hellip;]<\/p>\n","protected":false},"author":1,"featured_media":0,"parent":0,"menu_order":0,"comment_status":"closed","ping_status":"closed","template":"","meta":{"footnotes":""},"class_list":["post-13","page","type-page","status-publish","hentry"],"yoast_head":"<!-- This site is optimized with the Yoast SEO plugin v27.4 - https:\/\/yoast.com\/product\/yoast-seo-wordpress\/ -->\n<title>Herzlich Willkommen - F\u00fcreinander - Miteinander<\/title>\n<meta name=\"robots\" content=\"index, follow, max-snippet:-1, max-image-preview:large, max-video-preview:-1\" \/>\n<link rel=\"canonical\" href=\"https:\/\/fuemi-kijufa.de\/\" \/>\n<meta property=\"og:locale\" content=\"de_DE\" \/>\n<meta property=\"og:type\" content=\"article\" \/>\n<meta property=\"og:title\" content=\"Herzlich Willkommen - F\u00fcreinander - Miteinander\" \/>\n<meta property=\"og:description\" content=\"Willkommen beim Verein F\u00fcreinander \u2013 Miteinander f\u00fcr Kinder, Jugendlicheund Familien e. V. Wir setzen uns f\u00fcr Begegnung, Unterst\u00fctzung und Gemeinschaft vonFamilien in unserer Region ein.Eines unserer Ziel ist es, R\u00e4ume zu schaffen, in denen Kinder, Jugendlicheund Eltern zusammenkommen, sich austauschen und gemeinsam wachsen k\u00f6nnen.Dar\u00fcber hinaus organisieren wir vielf\u00e4ltige Freizeitangebote undgemeinsame Erlebnisse.In der Gemeinde gestalten wir [&hellip;]\" \/>\n<meta property=\"og:url\" content=\"https:\/\/fuemi-kijufa.de\/\" \/>\n<meta property=\"og:site_name\" content=\"F\u00fcreinander - Miteinander\" \/>\n<meta property=\"article:publisher\" content=\"https:\/\/www.facebook.com\/fuereinandermiteinanderev\" \/>\n<meta property=\"article:modified_time\" content=\"2026-04-17T07:24:55+00:00\" \/>\n<meta property=\"og:image\" content=\"https:\/\/fuemi-kijufa.de\/wp-content\/uploads\/2023\/08\/cropped-cropped-cropped-logo.webp\" \/>\n\t<meta property=\"og:image:width\" content=\"1920\" \/>\n\t<meta property=\"og:image:height\" content=\"1776\" \/>\n\t<meta property=\"og:image:type\" content=\"image\/webp\" \/>\n<meta name=\"twitter:card\" content=\"summary_large_image\" \/>\n<meta name=\"twitter:label1\" content=\"Gesch\u00e4tzte Lesezeit\" \/>\n\t<meta name=\"twitter:data1\" content=\"1\u00a0Minute\" \/>\n<script type=\"application\/ld+json\" class=\"yoast-schema-graph\">{\"@context\":\"https:\\\/\\\/schema.org\",\"@graph\":[{\"@type\":\"WebPage\",\"@id\":\"https:\\\/\\\/fuemi-kijufa.de\\\/\",\"url\":\"https:\\\/\\\/fuemi-kijufa.de\\\/\",\"name\":\"Herzlich Willkommen - F\u00fcreinander - Miteinander\",\"isPartOf\":{\"@id\":\"https:\\\/\\\/fuemi-kijufa.de\\\/#website\"},\"primaryImageOfPage\":{\"@id\":\"https:\\\/\\\/fuemi-kijufa.de\\\/#primaryimage\"},\"image\":{\"@id\":\"https:\\\/\\\/fuemi-kijufa.de\\\/#primaryimage\"},\"thumbnailUrl\":\"https:\\\/\\\/fuemi-kijufa.de\\\/wp-content\\\/uploads\\\/2023\\\/08\\\/cropped-cropped-cropped-logo-1024x947.webp\",\"datePublished\":\"2023-08-15T08:05:13+00:00\",\"dateModified\":\"2026-04-17T07:24:55+00:00\",\"breadcrumb\":{\"@id\":\"https:\\\/\\\/fuemi-kijufa.de\\\/#breadcrumb\"},\"inLanguage\":\"de\",\"potentialAction\":[{\"@type\":\"ReadAction\",\"target\":[\"https:\\\/\\\/fuemi-kijufa.de\\\/\"]}]},{\"@type\":\"ImageObject\",\"inLanguage\":\"de\",\"@id\":\"https:\\\/\\\/fuemi-kijufa.de\\\/#primaryimage\",\"url\":\"https:\\\/\\\/fuemi-kijufa.de\\\/wp-content\\\/uploads\\\/2023\\\/08\\\/cropped-cropped-cropped-logo.webp\",\"contentUrl\":\"https:\\\/\\\/fuemi-kijufa.de\\\/wp-content\\\/uploads\\\/2023\\\/08\\\/cropped-cropped-cropped-logo.webp\",\"width\":1920,\"height\":1776},{\"@type\":\"BreadcrumbList\",\"@id\":\"https:\\\/\\\/fuemi-kijufa.de\\\/#breadcrumb\",\"itemListElement\":[{\"@type\":\"ListItem\",\"position\":1,\"name\":\"Startseite\",\"item\":\"https:\\\/\\\/fuemi-kijufa.de\\\/\"},{\"@type\":\"ListItem\",\"position\":2,\"name\":\"Herzlich Willkommen\"}]},{\"@type\":\"WebSite\",\"@id\":\"https:\\\/\\\/fuemi-kijufa.de\\\/#website\",\"url\":\"https:\\\/\\\/fuemi-kijufa.de\\\/\",\"name\":\"F\u00fcreinander - Miteinander\",\"description\":\"f\u00fcr Kinder, Jugendliche und Familien e.V.\",\"publisher\":{\"@id\":\"https:\\\/\\\/fuemi-kijufa.de\\\/#organization\"},\"potentialAction\":[{\"@type\":\"SearchAction\",\"target\":{\"@type\":\"EntryPoint\",\"urlTemplate\":\"https:\\\/\\\/fuemi-kijufa.de\\\/?s={search_term_string}\"},\"query-input\":{\"@type\":\"PropertyValueSpecification\",\"valueRequired\":true,\"valueName\":\"search_term_string\"}}],\"inLanguage\":\"de\"},{\"@type\":\"Organization\",\"@id\":\"https:\\\/\\\/fuemi-kijufa.de\\\/#organization\",\"name\":\"F\u00fcreinander - Miteinander f\u00fcr Kinder, Jugendliche und Familien e.V\",\"alternateName\":\"F\u00fcreinander - Miteinander\",\"url\":\"https:\\\/\\\/fuemi-kijufa.de\\\/\",\"logo\":{\"@type\":\"ImageObject\",\"inLanguage\":\"de\",\"@id\":\"https:\\\/\\\/fuemi-kijufa.de\\\/#\\\/schema\\\/logo\\\/image\\\/\",\"url\":\"https:\\\/\\\/fuemi-kijufa.de\\\/wp-content\\\/uploads\\\/2023\\\/08\\\/cropped-cropped-logo-1.webp\",\"contentUrl\":\"https:\\\/\\\/fuemi-kijufa.de\\\/wp-content\\\/uploads\\\/2023\\\/08\\\/cropped-cropped-logo-1.webp\",\"width\":250,\"height\":250,\"caption\":\"F\u00fcreinander - Miteinander f\u00fcr Kinder, Jugendliche und Familien e.V\"},\"image\":{\"@id\":\"https:\\\/\\\/fuemi-kijufa.de\\\/#\\\/schema\\\/logo\\\/image\\\/\"},\"sameAs\":[\"https:\\\/\\\/www.facebook.com\\\/fuereinandermiteinanderev\",\"https:\\\/\\\/www.instagram.com\\\/fuereinandermiteinanderev\\\/\"]}]}<\/script>\n<!-- \/ Yoast SEO plugin. -->","yoast_head_json":{"title":"Herzlich Willkommen - F\u00fcreinander - Miteinander","robots":{"index":"index","follow":"follow","max-snippet":"max-snippet:-1","max-image-preview":"max-image-preview:large","max-video-preview":"max-video-preview:-1"},"canonical":"https:\/\/fuemi-kijufa.de\/","og_locale":"de_DE","og_type":"article","og_title":"Herzlich Willkommen - F\u00fcreinander - Miteinander","og_description":"Willkommen beim Verein F\u00fcreinander \u2013 Miteinander f\u00fcr Kinder, Jugendlicheund Familien e. V. Wir setzen uns f\u00fcr Begegnung, Unterst\u00fctzung und Gemeinschaft vonFamilien in unserer Region ein.Eines unserer Ziel ist es, R\u00e4ume zu schaffen, in denen Kinder, Jugendlicheund Eltern zusammenkommen, sich austauschen und gemeinsam wachsen k\u00f6nnen.Dar\u00fcber hinaus organisieren wir vielf\u00e4ltige Freizeitangebote undgemeinsame Erlebnisse.In der Gemeinde gestalten wir [&hellip;]","og_url":"https:\/\/fuemi-kijufa.de\/","og_site_name":"F\u00fcreinander - Miteinander","article_publisher":"https:\/\/www.facebook.com\/fuereinandermiteinanderev","article_modified_time":"2026-04-17T07:24:55+00:00","og_image":[{"width":1920,"height":1776,"url":"https:\/\/fuemi-kijufa.de\/wp-content\/uploads\/2023\/08\/cropped-cropped-cropped-logo.webp","type":"image\/webp"}],"twitter_card":"summary_large_image","twitter_misc":{"Gesch\u00e4tzte Lesezeit":"1\u00a0Minute"},"schema":{"@context":"https:\/\/schema.org","@graph":[{"@type":"WebPage","@id":"https:\/\/fuemi-kijufa.de\/","url":"https:\/\/fuemi-kijufa.de\/","name":"Herzlich Willkommen - F\u00fcreinander - Miteinander","isPartOf":{"@id":"https:\/\/fuemi-kijufa.de\/#website"},"primaryImageOfPage":{"@id":"https:\/\/fuemi-kijufa.de\/#primaryimage"},"image":{"@id":"https:\/\/fuemi-kijufa.de\/#primaryimage"},"thumbnailUrl":"https:\/\/fuemi-kijufa.de\/wp-content\/uploads\/2023\/08\/cropped-cropped-cropped-logo-1024x947.webp","datePublished":"2023-08-15T08:05:13+00:00","dateModified":"2026-04-17T07:24:55+00:00","breadcrumb":{"@id":"https:\/\/fuemi-kijufa.de\/#breadcrumb"},"inLanguage":"de","potentialAction":[{"@type":"ReadAction","target":["https:\/\/fuemi-kijufa.de\/"]}]},{"@type":"ImageObject","inLanguage":"de","@id":"https:\/\/fuemi-kijufa.de\/#primaryimage","url":"https:\/\/fuemi-kijufa.de\/wp-content\/uploads\/2023\/08\/cropped-cropped-cropped-logo.webp","contentUrl":"https:\/\/fuemi-kijufa.de\/wp-content\/uploads\/2023\/08\/cropped-cropped-cropped-logo.webp","width":1920,"height":1776},{"@type":"BreadcrumbList","@id":"https:\/\/fuemi-kijufa.de\/#breadcrumb","itemListElement":[{"@type":"ListItem","position":1,"name":"Startseite","item":"https:\/\/fuemi-kijufa.de\/"},{"@type":"ListItem","position":2,"name":"Herzlich Willkommen"}]},{"@type":"WebSite","@id":"https:\/\/fuemi-kijufa.de\/#website","url":"https:\/\/fuemi-kijufa.de\/","name":"F\u00fcreinander - Miteinander","description":"f\u00fcr Kinder, Jugendliche und Familien e.V.","publisher":{"@id":"https:\/\/fuemi-kijufa.de\/#organization"},"potentialAction":[{"@type":"SearchAction","target":{"@type":"EntryPoint","urlTemplate":"https:\/\/fuemi-kijufa.de\/?s={search_term_string}"},"query-input":{"@type":"PropertyValueSpecification","valueRequired":true,"valueName":"search_term_string"}}],"inLanguage":"de"},{"@type":"Organization","@id":"https:\/\/fuemi-kijufa.de\/#organization","name":"F\u00fcreinander - Miteinander f\u00fcr Kinder, Jugendliche und Familien e.V","alternateName":"F\u00fcreinander - Miteinander","url":"https:\/\/fuemi-kijufa.de\/","logo":{"@type":"ImageObject","inLanguage":"de","@id":"https:\/\/fuemi-kijufa.de\/#\/schema\/logo\/image\/","url":"https:\/\/fuemi-kijufa.de\/wp-content\/uploads\/2023\/08\/cropped-cropped-logo-1.webp","contentUrl":"https:\/\/fuemi-kijufa.de\/wp-content\/uploads\/2023\/08\/cropped-cropped-logo-1.webp","width":250,"height":250,"caption":"F\u00fcreinander - Miteinander f\u00fcr Kinder, Jugendliche und Familien e.V"},"image":{"@id":"https:\/\/fuemi-kijufa.de\/#\/schema\/logo\/image\/"},"sameAs":["https:\/\/www.facebook.com\/fuereinandermiteinanderev","https:\/\/www.instagram.com\/fuereinandermiteinanderev\/"]}]}},"_links":{"self":[{"href":"https:\/\/fuemi-kijufa.de\/index.php\/wp-json\/wp\/v2\/pages\/13","targetHints":{"allow":["GET"]}}],"collection":[{"href":"https:\/\/fuemi-kijufa.de\/index.php\/wp-json\/wp\/v2\/pages"}],"about":[{"href":"https:\/\/fuemi-kijufa.de\/index.php\/wp-json\/wp\/v2\/types\/page"}],"author":[{"embeddable":true,"href":"https:\/\/fuemi-kijufa.de\/index.php\/wp-json\/wp\/v2\/users\/1"}],"replies":[{"embeddable":true,"href":"https:\/\/fuemi-kijufa.de\/index.php\/wp-json\/wp\/v2\/comments?post=13"}],"version-history":[{"count":9,"href":"https:\/\/fuemi-kijufa.de\/index.php\/wp-json\/wp\/v2\/pages\/13\/revisions"}],"predecessor-version":[{"id":344,"href":"https:\/\/fuemi-kijufa.de\/index.php\/wp-json\/wp\/v2\/pages\/13\/revisions\/344"}],"wp:attachment":[{"href":"https:\/\/fuemi-kijufa.de\/index.php\/wp-json\/wp\/v2\/media?parent=13"}],"curies":[{"name":"wp","href":"https:\/\/api.w.org\/{rel}","templated":true}]}}