{"id":129,"date":"2023-12-14T19:03:59","date_gmt":"2023-12-14T19:03:59","guid":{"rendered":"https:\/\/fuemi-kijufa.de\/?page_id=129"},"modified":"2026-04-22T08:04:26","modified_gmt":"2026-04-22T08:04:26","slug":"aktuelles","status":"publish","type":"page","link":"https:\/\/fuemi-kijufa.de\/index.php\/aktuelles\/","title":{"rendered":"Aktuelles"},"content":{"rendered":"\n<p><\/p>\n\n\n\n<figure class=\"wp-block-image size-large\"><img fetchpriority=\"high\" decoding=\"async\" width=\"724\" height=\"1024\" src=\"https:\/\/fuemi-kijufa.de\/wp-content\/uploads\/2026\/04\/268938-724x1024.jpg\" alt=\"\" class=\"wp-image-352\" srcset=\"https:\/\/fuemi-kijufa.de\/wp-content\/uploads\/2026\/04\/268938-724x1024.jpg 724w, https:\/\/fuemi-kijufa.de\/wp-content\/uploads\/2026\/04\/268938-212x300.jpg 212w, https:\/\/fuemi-kijufa.de\/wp-content\/uploads\/2026\/04\/268938-106x150.jpg 106w, https:\/\/fuemi-kijufa.de\/wp-content\/uploads\/2026\/04\/268938-768x1086.jpg 768w, https:\/\/fuemi-kijufa.de\/wp-content\/uploads\/2026\/04\/268938-1086x1536.jpg 1086w, https:\/\/fuemi-kijufa.de\/wp-content\/uploads\/2026\/04\/268938.jpg 1131w\" sizes=\"(max-width: 724px) 100vw, 724px\" \/><\/figure>\n\n\n\n<div class=\"wp-block-query is-layout-flow wp-block-query-is-layout-flow\"><ul class=\"wp-block-post-template is-layout-flow wp-block-post-template-is-layout-flow\"><li class=\"wp-block-post post-283 post type-post status-publish format-standard has-post-thumbnail hentry category-uncategorized\">\n\n<div class=\"wp-block-columns alignwide is-layout-flex wp-container-core-columns-is-layout-9d6595d7 wp-block-columns-is-layout-flex\">\n<div class=\"wp-block-column is-layout-flow wp-block-column-is-layout-flow\">\n<h2 class=\"wp-block-heading\"><\/h2>\n<\/div>\n\n\n\n<div class=\"wp-block-column is-layout-flow wp-block-column-is-layout-flow\"><\/div>\n<\/div>\n\n<\/li><li class=\"wp-block-post post-275 post type-post status-publish format-standard has-post-thumbnail hentry category-news\">\n\n<div class=\"wp-block-columns alignwide is-layout-flex wp-container-core-columns-is-layout-9d6595d7 wp-block-columns-is-layout-flex\">\n<div class=\"wp-block-column is-layout-flow wp-block-column-is-layout-flow\">\n<h2 class=\"wp-block-heading\"><\/h2>\n<\/div>\n\n\n\n<div class=\"wp-block-column is-layout-flow wp-block-column-is-layout-flow\"><\/div>\n<\/div>\n\n<\/li><li class=\"wp-block-post post-246 post type-post status-publish format-standard has-post-thumbnail hentry category-uncategorized\">\n\n<div class=\"wp-block-columns alignwide is-layout-flex wp-container-core-columns-is-layout-9d6595d7 wp-block-columns-is-layout-flex\">\n<div class=\"wp-block-column is-layout-flow wp-block-column-is-layout-flow\">\n<h2 class=\"wp-block-heading\"><\/h2>\n<\/div>\n\n\n\n<div class=\"wp-block-column is-layout-flow wp-block-column-is-layout-flow\"><\/div>\n<\/div>\n\n<\/li><\/ul>\n\n\n<figure class=\"wp-block-image size-large\"><img decoding=\"async\" width=\"682\" height=\"1024\" src=\"https:\/\/fuemi-kijufa.de\/wp-content\/uploads\/2026\/02\/1-682x1024.png\" alt=\"\" class=\"wp-image-334\" srcset=\"https:\/\/fuemi-kijufa.de\/wp-content\/uploads\/2026\/02\/1-682x1024.png 682w, https:\/\/fuemi-kijufa.de\/wp-content\/uploads\/2026\/02\/1-200x300.png 200w, https:\/\/fuemi-kijufa.de\/wp-content\/uploads\/2026\/02\/1-100x150.png 100w, https:\/\/fuemi-kijufa.de\/wp-content\/uploads\/2026\/02\/1-768x1152.png 768w, https:\/\/fuemi-kijufa.de\/wp-content\/uploads\/2026\/02\/1-1024x1536.png 1024w, https:\/\/fuemi-kijufa.de\/wp-content\/uploads\/2026\/02\/1.png 1333w\" sizes=\"(max-width: 682px) 100vw, 682px\" \/><\/figure>\n\n\n\n<p>Einladung zur Einweihung unserer R\u00e4umlichkeiten in Landstuhl.<\/p>\n<p>Am 07.03.2026 weihen wir von 14-17 Uhr unsere neuen R\u00e4umlichkeiten in Landstuhl ein, kommt gerne vorbei und schaut sie euch an.<\/p>\n\n\n\n<p><\/p>\n<\/div>\n\n\n\n<div class=\"wp-block-query is-layout-flow wp-block-query-is-layout-flow\"><ul class=\"wp-block-post-template is-layout-flow wp-block-post-template-is-layout-flow\"><li class=\"wp-block-post post-283 post type-post status-publish format-standard has-post-thumbnail hentry category-uncategorized\">\n<h2 class=\"wp-block-post-title\"><a href=\"https:\/\/fuemi-kijufa.de\/index.php\/2024\/11\/19\/kinderkino-dez-24\/\" target=\"_self\" >Kinderkino Dez 24<\/a><\/h2>\n\n<figure class=\"alignwide wp-block-post-featured-image\"><a href=\"https:\/\/fuemi-kijufa.de\/index.php\/2024\/11\/19\/kinderkino-dez-24\/\" target=\"_self\"  ><img decoding=\"async\" width=\"300\" height=\"300\" src=\"https:\/\/fuemi-kijufa.de\/wp-content\/uploads\/2024\/11\/467310093_412192671963690_1387054391575053098_n-e1732029652446.webp\" class=\"attachment-post-thumbnail size-post-thumbnail wp-post-image\" alt=\"Kinderkino Dez 24\" style=\"object-fit:cover;\" \/><\/a><\/figure>\n\n<div class=\"wp-block-post-excerpt\"><p class=\"wp-block-post-excerpt__excerpt\">KINDER KINO\u00a0 Am \u00a008.12.2024 in der \u00a0Turnhalle Spesbach ab16:30 Uhr Anmeldung unter:Info@fue-mi.de oder0176 &#8211; 72 82 14 72 Wir freuen uns auf euch <\/p><\/div>\n\n\n<hr class=\"wp-block-separator has-css-opacity\"\/>\n\n\n<div class=\"wp-block-post-date\"><time datetime=\"2024-11-19T15:15:44+00:00\">November 19, 2024<\/time><\/div>\n<\/li><li class=\"wp-block-post post-275 post type-post status-publish format-standard has-post-thumbnail hentry category-news\">\n<h2 class=\"wp-block-post-title\"><a href=\"https:\/\/fuemi-kijufa.de\/index.php\/2024\/11\/19\/zukunftswerkstatt-nov-24\/\" target=\"_self\" >Zukunftswerkstatt Nov 24<\/a><\/h2>\n\n<figure class=\"alignwide wp-block-post-featured-image\"><a href=\"https:\/\/fuemi-kijufa.de\/index.php\/2024\/11\/19\/zukunftswerkstatt-nov-24\/\" target=\"_self\"  ><img loading=\"lazy\" decoding=\"async\" width=\"300\" height=\"300\" src=\"https:\/\/fuemi-kijufa.de\/wp-content\/uploads\/2024\/11\/466103283_407048392478118_9049530549585191127_n.webp\" class=\"attachment-post-thumbnail size-post-thumbnail wp-post-image\" alt=\"Zukunftswerkstatt Nov 24\" style=\"object-fit:cover;\" \/><\/a><\/figure>\n\n<div class=\"wp-block-post-excerpt\"><p class=\"wp-block-post-excerpt__excerpt\">Am Samstag, den 23.November 2024 laden wir herzlich zu unserer Zukunftswerkstatt ein. Sie findet von 15 Uhr bis 17 Uhr im Dorfgemeinschaftshaus H\u00fctschenhausen \/ Katzenbach statt. Bei der Zukunftswerkstatt besteht die M\u00f6glichkeit, aktiv die Angebote des Vereins mitzugestalten. Ob Mitglied oder Nichtmitglied, ob jung oder alt &#8211; alle sind willkommen und eingeladen, ihre Ideen einzubringen.&hellip; <\/p><\/div>\n\n\n<hr class=\"wp-block-separator has-css-opacity\"\/>\n\n\n<div class=\"wp-block-post-date\"><time datetime=\"2024-11-19T14:57:24+00:00\">November 19, 2024<\/time><\/div>\n<\/li><li class=\"wp-block-post post-246 post type-post status-publish format-standard has-post-thumbnail hentry category-uncategorized\">\n<h2 class=\"wp-block-post-title\"><a href=\"https:\/\/fuemi-kijufa.de\/index.php\/2024\/09\/19\/notinseln\/\" target=\"_self\" >Notinseln<\/a><\/h2>\n\n<figure class=\"alignwide wp-block-post-featured-image\"><a href=\"https:\/\/fuemi-kijufa.de\/index.php\/2024\/09\/19\/notinseln\/\" target=\"_self\"  ><img loading=\"lazy\" decoding=\"async\" width=\"300\" height=\"300\" src=\"https:\/\/fuemi-kijufa.de\/wp-content\/uploads\/2024\/09\/459166452_363565783493046_8230020105646311557_n-300x300.webp\" class=\"attachment-post-thumbnail size-post-thumbnail wp-post-image\" alt=\"Notinseln\" style=\"object-fit:cover;\" srcset=\"https:\/\/fuemi-kijufa.de\/wp-content\/uploads\/2024\/09\/459166452_363565783493046_8230020105646311557_n-300x300.webp 300w, https:\/\/fuemi-kijufa.de\/wp-content\/uploads\/2024\/09\/459166452_363565783493046_8230020105646311557_n-150x150.webp 150w\" sizes=\"(max-width: 300px) 100vw, 300px\" \/><\/a><\/figure>\n\n<div class=\"wp-block-post-excerpt\"><p class=\"wp-block-post-excerpt__excerpt\">Notinseln in der Ortsgemeinde H\u00fctschenhausen Das Kinder in einer Notsituation Zuflucht und Hilfe haben, wenn sie sich verlaufen haben, sich bedroht f\u00fchlen oder kleinere Verletzungen haben. Solche Hilfe bieten Notinseln an. D.h. Einrichtungen und Gesch\u00e4fte haben ein Schild oder einen Aufkleber mit dem Notinsel-Logo an deren Eingangst\u00fcr, damit dies jederzeit erkannt werden kann von Kindern.&hellip; <\/p><\/div>\n\n\n<hr class=\"wp-block-separator has-css-opacity\"\/>\n\n\n<div class=\"wp-block-post-date\"><time datetime=\"2024-09-19T12:22:00+00:00\">September 19, 2024<\/time><\/div>\n<\/li><li class=\"wp-block-post post-250 post type-post status-publish format-standard has-post-thumbnail hentry category-uncategorized\">\n<h2 class=\"wp-block-post-title\"><a href=\"https:\/\/fuemi-kijufa.de\/index.php\/2024\/09\/17\/stadt-land-spielt-2024\/\" target=\"_self\" >Stadt Land Spielt 2024<\/a><\/h2>\n\n<figure class=\"alignwide wp-block-post-featured-image\"><a href=\"https:\/\/fuemi-kijufa.de\/index.php\/2024\/09\/17\/stadt-land-spielt-2024\/\" target=\"_self\"  ><img loading=\"lazy\" decoding=\"async\" width=\"300\" height=\"300\" src=\"https:\/\/fuemi-kijufa.de\/wp-content\/uploads\/2024\/09\/460459420_368435706339387_891702373403623189_n-300x300.webp\" class=\"attachment-post-thumbnail size-post-thumbnail wp-post-image\" alt=\"Stadt Land Spielt 2024\" style=\"object-fit:cover;\" \/><\/a><\/figure>\n\n<div class=\"wp-block-post-excerpt\"><p class=\"wp-block-post-excerpt__excerpt\">Gro\u00dfer Spielspa\u00df in Katzenbach Am vergangenen Wochenende fand die Aktion \u201eStadt-Land-Spielt!\u201c zum ersten Mal im Dorfgemeinschaftshaus in Katzenbach statt. Rund 100 spielfreudigen Besucherinnen und Besuchern wurde eine abwechslungsreiche Mischung aus spannenden Brett- und Kartenspielen geboten. F\u00fcr jede Altersklasse war etwas dabei. Der Verein \u201eF\u00fcreinander-Miteinander \u2013 F\u00fcr Kinder Jugendliche und Familien e. V.\u201c, der Ausrichter der&hellip; <\/p><\/div>\n\n\n<hr class=\"wp-block-separator has-css-opacity\"\/>\n\n\n<div class=\"wp-block-post-date\"><time datetime=\"2024-09-17T12:26:00+00:00\">September 17, 2024<\/time><\/div>\n<\/li><li class=\"wp-block-post post-225 post type-post status-publish format-standard has-post-thumbnail hentry category-uncategorized\">\n<h2 class=\"wp-block-post-title\"><a href=\"https:\/\/fuemi-kijufa.de\/index.php\/2024\/06\/12\/auszeichnungen\/\" target=\"_self\" >Auszeichnung<\/a><\/h2>\n\n<figure class=\"alignwide wp-block-post-featured-image\"><a href=\"https:\/\/fuemi-kijufa.de\/index.php\/2024\/06\/12\/auszeichnungen\/\" target=\"_self\"  ><img loading=\"lazy\" decoding=\"async\" width=\"300\" height=\"300\" src=\"https:\/\/fuemi-kijufa.de\/wp-content\/uploads\/2024\/06\/Scan_20240610-300x300.webp\" class=\"attachment-post-thumbnail size-post-thumbnail wp-post-image\" alt=\"Auszeichnung\" style=\"object-fit:cover;\" srcset=\"https:\/\/fuemi-kijufa.de\/wp-content\/uploads\/2024\/06\/Scan_20240610-300x300.webp 300w, https:\/\/fuemi-kijufa.de\/wp-content\/uploads\/2024\/06\/Scan_20240610-150x150.webp 150w\" sizes=\"(max-width: 300px) 100vw, 300px\" \/><\/a><\/figure>\n\n<div class=\"wp-block-post-excerpt\"><p class=\"wp-block-post-excerpt__excerpt\"> <\/p><\/div>\n\n\n<hr class=\"wp-block-separator has-css-opacity\"\/>\n\n\n<div class=\"wp-block-post-date\"><time datetime=\"2024-06-12T07:06:53+00:00\">Juni 12, 2024<\/time><\/div>\n<\/li><li class=\"wp-block-post post-175 post type-post status-publish format-standard has-post-thumbnail hentry category-news\">\n<h2 class=\"wp-block-post-title\"><a href=\"https:\/\/fuemi-kijufa.de\/index.php\/2024\/04\/04\/spieleanhaenger\/\" target=\"_self\" >Spieleanh\u00e4nger<\/a><\/h2>\n\n<figure class=\"alignwide wp-block-post-featured-image\"><a href=\"https:\/\/fuemi-kijufa.de\/index.php\/2024\/04\/04\/spieleanhaenger\/\" target=\"_self\"  ><img loading=\"lazy\" decoding=\"async\" width=\"300\" height=\"300\" src=\"https:\/\/fuemi-kijufa.de\/wp-content\/uploads\/2024\/04\/spieleanhaenger_002-300x300.jpg\" class=\"attachment-post-thumbnail size-post-thumbnail wp-post-image\" alt=\"Spieleanh\u00e4nger\" style=\"object-fit:cover;\" srcset=\"https:\/\/fuemi-kijufa.de\/wp-content\/uploads\/2024\/04\/spieleanhaenger_002-300x300.jpg 300w, https:\/\/fuemi-kijufa.de\/wp-content\/uploads\/2024\/04\/spieleanhaenger_002-150x150.jpg 150w\" sizes=\"(max-width: 300px) 100vw, 300px\" \/><\/a><\/figure>\n\n<div class=\"wp-block-post-excerpt\"><p class=\"wp-block-post-excerpt__excerpt\">Aktuell arbeiten wir an unserem Spieleanh\u00e4nger den wir im Sommer gerne in Betrieb nehmen m\u00f6chten. M\u00f6chten auch Sie uns dabei Unterst\u00fctzen? Werden Sie Sponsoring Partner f\u00fcr unser Projekt , gerne senden wir Ihnen die Infos dazu zu. Sie k\u00f6nnen Ihre Werbefl\u00e4che von den Freiverf\u00fcgbaren aussuchen. Oder Spenden Sie einfach: F\u00fcreinander &#8211; Miteinander f\u00fcr Kinder, Jugendliche&hellip; <\/p><\/div>\n\n\n<hr class=\"wp-block-separator has-css-opacity\"\/>\n\n\n<div class=\"wp-block-post-date\"><time datetime=\"2024-04-04T12:56:08+00:00\">April 4, 2024<\/time><\/div>\n<\/li><li class=\"wp-block-post post-132 post type-post status-publish format-standard has-post-thumbnail hentry category-news\">\n<h2 class=\"wp-block-post-title\"><a href=\"https:\/\/fuemi-kijufa.de\/index.php\/2023\/12\/14\/kinderkino\/\" target=\"_self\" >Kinderkino<\/a><\/h2>\n\n<figure class=\"alignwide wp-block-post-featured-image\"><a href=\"https:\/\/fuemi-kijufa.de\/index.php\/2023\/12\/14\/kinderkino\/\" target=\"_self\"  ><img loading=\"lazy\" decoding=\"async\" width=\"300\" height=\"300\" src=\"https:\/\/fuemi-kijufa.de\/wp-content\/uploads\/2024\/03\/431763469_247288371787455_4172308567582726719_n-300x300.webp\" class=\"attachment-post-thumbnail size-post-thumbnail wp-post-image\" alt=\"Kinderkino\" style=\"object-fit:cover;\" srcset=\"https:\/\/fuemi-kijufa.de\/wp-content\/uploads\/2024\/03\/431763469_247288371787455_4172308567582726719_n-300x300.webp 300w, https:\/\/fuemi-kijufa.de\/wp-content\/uploads\/2024\/03\/431763469_247288371787455_4172308567582726719_n-150x150.webp 150w\" sizes=\"(max-width: 300px) 100vw, 300px\" \/><\/a><\/figure>\n\n<div class=\"wp-block-post-excerpt\"><p class=\"wp-block-post-excerpt__excerpt\">Kinderkino <\/p><\/div>\n\n\n<hr class=\"wp-block-separator has-css-opacity\"\/>\n\n\n<div class=\"wp-block-post-date\"><time datetime=\"2023-12-14T19:05:31+00:00\">Dezember 14, 2023<\/time><\/div>\n<\/li><li class=\"wp-block-post post-116 post type-post status-publish format-standard hentry category-news\">\n<h2 class=\"wp-block-post-title\"><a href=\"https:\/\/fuemi-kijufa.de\/index.php\/2023\/11\/05\/ausserordentliche-mitgliederversammlung-2023\/\" target=\"_self\" >Au\u00dferordentliche Mitgliederversammlung 2023<\/a><\/h2>\n\n\n\n<div class=\"wp-block-post-excerpt\"><p class=\"wp-block-post-excerpt__excerpt\">Sehr geehrtes Mitglied,&nbsp; unsere au\u00dferordentliche Mitgliederversammlung findet statt am&nbsp; Montag, dem 20.11.2023, 19.30 Uhr,&nbsp; im Dorfgemeinschaftshaus, Brunnenstra\u00dfe 22, 66882 Katzenbach statt.\u00a0 <\/p><\/div>\n\n\n<hr class=\"wp-block-separator has-css-opacity\"\/>\n\n\n<div class=\"wp-block-post-date\"><time datetime=\"2023-11-05T14:11:22+00:00\">November 5, 2023<\/time><\/div>\n<\/li><li class=\"wp-block-post post-74 post type-post status-publish format-standard hentry category-news\">\n<h2 class=\"wp-block-post-title\"><a href=\"https:\/\/fuemi-kijufa.de\/index.php\/2023\/08\/15\/test\/\" target=\"_self\" >Herzlich Willkommen auf unserer Seite<\/a><\/h2>\n\n\n\n<div class=\"wp-block-post-excerpt\"><p class=\"wp-block-post-excerpt__excerpt\">Hier im Blog Bereich werdet ihr k\u00fcnftig aktuelle Beitr\u00e4ge und Vorhaben von uns finden \ud83d\ude42 Wir freuen uns euch auf unserem Weg mitnehmen zu k\u00f6nnen Euer F\u00fcMi KiJuFa Team <\/p><\/div>\n\n\n<hr class=\"wp-block-separator has-css-opacity\"\/>\n\n\n<div class=\"wp-block-post-date\"><time datetime=\"2023-08-15T08:54:20+00:00\">August 15, 2023<\/time><\/div>\n<\/li><\/ul><\/div>\n\n\n\n<p><\/p>\n","protected":false},"excerpt":{"rendered":"","protected":false},"author":1,"featured_media":0,"parent":0,"menu_order":0,"comment_status":"closed","ping_status":"closed","template":"","meta":{"footnotes":""},"class_list":["post-129","page","type-page","status-publish","hentry"],"yoast_head":"<!-- This site is optimized with the Yoast SEO plugin v27.4 - https:\/\/yoast.com\/product\/yoast-seo-wordpress\/ -->\n<title>Aktuelles - F\u00fcreinander - Miteinander<\/title>\n<meta name=\"robots\" content=\"index, follow, max-snippet:-1, max-image-preview:large, max-video-preview:-1\" \/>\n<link rel=\"canonical\" href=\"https:\/\/fuemi-kijufa.de\/index.php\/aktuelles\/\" \/>\n<meta property=\"og:locale\" content=\"de_DE\" \/>\n<meta property=\"og:type\" content=\"article\" \/>\n<meta property=\"og:title\" content=\"Aktuelles - F\u00fcreinander - Miteinander\" \/>\n<meta property=\"og:url\" content=\"https:\/\/fuemi-kijufa.de\/index.php\/aktuelles\/\" \/>\n<meta property=\"og:site_name\" content=\"F\u00fcreinander - Miteinander\" \/>\n<meta property=\"article:publisher\" content=\"https:\/\/www.facebook.com\/fuereinandermiteinanderev\" \/>\n<meta property=\"article:modified_time\" content=\"2026-04-22T08:04:26+00:00\" \/>\n<meta property=\"og:image\" content=\"https:\/\/fuemi-kijufa.de\/wp-content\/uploads\/2026\/04\/268938.jpg\" \/>\n\t<meta property=\"og:image:width\" content=\"1131\" \/>\n\t<meta property=\"og:image:height\" content=\"1600\" \/>\n\t<meta property=\"og:image:type\" content=\"image\/jpeg\" \/>\n<meta name=\"twitter:card\" content=\"summary_large_image\" \/>\n<script type=\"application\/ld+json\" class=\"yoast-schema-graph\">{\"@context\":\"https:\\\/\\\/schema.org\",\"@graph\":[{\"@type\":\"WebPage\",\"@id\":\"https:\\\/\\\/fuemi-kijufa.de\\\/index.php\\\/aktuelles\\\/\",\"url\":\"https:\\\/\\\/fuemi-kijufa.de\\\/index.php\\\/aktuelles\\\/\",\"name\":\"Aktuelles - F\u00fcreinander - Miteinander\",\"isPartOf\":{\"@id\":\"https:\\\/\\\/fuemi-kijufa.de\\\/#website\"},\"primaryImageOfPage\":{\"@id\":\"https:\\\/\\\/fuemi-kijufa.de\\\/index.php\\\/aktuelles\\\/#primaryimage\"},\"image\":{\"@id\":\"https:\\\/\\\/fuemi-kijufa.de\\\/index.php\\\/aktuelles\\\/#primaryimage\"},\"thumbnailUrl\":\"https:\\\/\\\/fuemi-kijufa.de\\\/wp-content\\\/uploads\\\/2026\\\/04\\\/268938-724x1024.jpg\",\"datePublished\":\"2023-12-14T19:03:59+00:00\",\"dateModified\":\"2026-04-22T08:04:26+00:00\",\"breadcrumb\":{\"@id\":\"https:\\\/\\\/fuemi-kijufa.de\\\/index.php\\\/aktuelles\\\/#breadcrumb\"},\"inLanguage\":\"de\",\"potentialAction\":[{\"@type\":\"ReadAction\",\"target\":[\"https:\\\/\\\/fuemi-kijufa.de\\\/index.php\\\/aktuelles\\\/\"]}]},{\"@type\":\"ImageObject\",\"inLanguage\":\"de\",\"@id\":\"https:\\\/\\\/fuemi-kijufa.de\\\/index.php\\\/aktuelles\\\/#primaryimage\",\"url\":\"https:\\\/\\\/fuemi-kijufa.de\\\/wp-content\\\/uploads\\\/2026\\\/04\\\/268938.jpg\",\"contentUrl\":\"https:\\\/\\\/fuemi-kijufa.de\\\/wp-content\\\/uploads\\\/2026\\\/04\\\/268938.jpg\",\"width\":1131,\"height\":1600},{\"@type\":\"BreadcrumbList\",\"@id\":\"https:\\\/\\\/fuemi-kijufa.de\\\/index.php\\\/aktuelles\\\/#breadcrumb\",\"itemListElement\":[{\"@type\":\"ListItem\",\"position\":1,\"name\":\"Startseite\",\"item\":\"https:\\\/\\\/fuemi-kijufa.de\\\/\"},{\"@type\":\"ListItem\",\"position\":2,\"name\":\"Aktuelles\"}]},{\"@type\":\"WebSite\",\"@id\":\"https:\\\/\\\/fuemi-kijufa.de\\\/#website\",\"url\":\"https:\\\/\\\/fuemi-kijufa.de\\\/\",\"name\":\"F\u00fcreinander - Miteinander\",\"description\":\"f\u00fcr Kinder, Jugendliche und Familien e.V.\",\"publisher\":{\"@id\":\"https:\\\/\\\/fuemi-kijufa.de\\\/#organization\"},\"potentialAction\":[{\"@type\":\"SearchAction\",\"target\":{\"@type\":\"EntryPoint\",\"urlTemplate\":\"https:\\\/\\\/fuemi-kijufa.de\\\/?s={search_term_string}\"},\"query-input\":{\"@type\":\"PropertyValueSpecification\",\"valueRequired\":true,\"valueName\":\"search_term_string\"}}],\"inLanguage\":\"de\"},{\"@type\":\"Organization\",\"@id\":\"https:\\\/\\\/fuemi-kijufa.de\\\/#organization\",\"name\":\"F\u00fcreinander - Miteinander f\u00fcr Kinder, Jugendliche und Familien e.V\",\"alternateName\":\"F\u00fcreinander - Miteinander\",\"url\":\"https:\\\/\\\/fuemi-kijufa.de\\\/\",\"logo\":{\"@type\":\"ImageObject\",\"inLanguage\":\"de\",\"@id\":\"https:\\\/\\\/fuemi-kijufa.de\\\/#\\\/schema\\\/logo\\\/image\\\/\",\"url\":\"https:\\\/\\\/fuemi-kijufa.de\\\/wp-content\\\/uploads\\\/2023\\\/08\\\/cropped-cropped-logo-1.webp\",\"contentUrl\":\"https:\\\/\\\/fuemi-kijufa.de\\\/wp-content\\\/uploads\\\/2023\\\/08\\\/cropped-cropped-logo-1.webp\",\"width\":250,\"height\":250,\"caption\":\"F\u00fcreinander - Miteinander f\u00fcr Kinder, Jugendliche und Familien e.V\"},\"image\":{\"@id\":\"https:\\\/\\\/fuemi-kijufa.de\\\/#\\\/schema\\\/logo\\\/image\\\/\"},\"sameAs\":[\"https:\\\/\\\/www.facebook.com\\\/fuereinandermiteinanderev\",\"https:\\\/\\\/www.instagram.com\\\/fuereinandermiteinanderev\\\/\"]}]}<\/script>\n<!-- \/ Yoast SEO plugin. -->","yoast_head_json":{"title":"Aktuelles - F\u00fcreinander - Miteinander","robots":{"index":"index","follow":"follow","max-snippet":"max-snippet:-1","max-image-preview":"max-image-preview:large","max-video-preview":"max-video-preview:-1"},"canonical":"https:\/\/fuemi-kijufa.de\/index.php\/aktuelles\/","og_locale":"de_DE","og_type":"article","og_title":"Aktuelles - F\u00fcreinander - Miteinander","og_url":"https:\/\/fuemi-kijufa.de\/index.php\/aktuelles\/","og_site_name":"F\u00fcreinander - Miteinander","article_publisher":"https:\/\/www.facebook.com\/fuereinandermiteinanderev","article_modified_time":"2026-04-22T08:04:26+00:00","og_image":[{"width":1131,"height":1600,"url":"https:\/\/fuemi-kijufa.de\/wp-content\/uploads\/2026\/04\/268938.jpg","type":"image\/jpeg"}],"twitter_card":"summary_large_image","schema":{"@context":"https:\/\/schema.org","@graph":[{"@type":"WebPage","@id":"https:\/\/fuemi-kijufa.de\/index.php\/aktuelles\/","url":"https:\/\/fuemi-kijufa.de\/index.php\/aktuelles\/","name":"Aktuelles - F\u00fcreinander - Miteinander","isPartOf":{"@id":"https:\/\/fuemi-kijufa.de\/#website"},"primaryImageOfPage":{"@id":"https:\/\/fuemi-kijufa.de\/index.php\/aktuelles\/#primaryimage"},"image":{"@id":"https:\/\/fuemi-kijufa.de\/index.php\/aktuelles\/#primaryimage"},"thumbnailUrl":"https:\/\/fuemi-kijufa.de\/wp-content\/uploads\/2026\/04\/268938-724x1024.jpg","datePublished":"2023-12-14T19:03:59+00:00","dateModified":"2026-04-22T08:04:26+00:00","breadcrumb":{"@id":"https:\/\/fuemi-kijufa.de\/index.php\/aktuelles\/#breadcrumb"},"inLanguage":"de","potentialAction":[{"@type":"ReadAction","target":["https:\/\/fuemi-kijufa.de\/index.php\/aktuelles\/"]}]},{"@type":"ImageObject","inLanguage":"de","@id":"https:\/\/fuemi-kijufa.de\/index.php\/aktuelles\/#primaryimage","url":"https:\/\/fuemi-kijufa.de\/wp-content\/uploads\/2026\/04\/268938.jpg","contentUrl":"https:\/\/fuemi-kijufa.de\/wp-content\/uploads\/2026\/04\/268938.jpg","width":1131,"height":1600},{"@type":"BreadcrumbList","@id":"https:\/\/fuemi-kijufa.de\/index.php\/aktuelles\/#breadcrumb","itemListElement":[{"@type":"ListItem","position":1,"name":"Startseite","item":"https:\/\/fuemi-kijufa.de\/"},{"@type":"ListItem","position":2,"name":"Aktuelles"}]},{"@type":"WebSite","@id":"https:\/\/fuemi-kijufa.de\/#website","url":"https:\/\/fuemi-kijufa.de\/","name":"F\u00fcreinander - Miteinander","description":"f\u00fcr Kinder, Jugendliche und Familien e.V.","publisher":{"@id":"https:\/\/fuemi-kijufa.de\/#organization"},"potentialAction":[{"@type":"SearchAction","target":{"@type":"EntryPoint","urlTemplate":"https:\/\/fuemi-kijufa.de\/?s={search_term_string}"},"query-input":{"@type":"PropertyValueSpecification","valueRequired":true,"valueName":"search_term_string"}}],"inLanguage":"de"},{"@type":"Organization","@id":"https:\/\/fuemi-kijufa.de\/#organization","name":"F\u00fcreinander - Miteinander f\u00fcr Kinder, Jugendliche und Familien e.V","alternateName":"F\u00fcreinander - Miteinander","url":"https:\/\/fuemi-kijufa.de\/","logo":{"@type":"ImageObject","inLanguage":"de","@id":"https:\/\/fuemi-kijufa.de\/#\/schema\/logo\/image\/","url":"https:\/\/fuemi-kijufa.de\/wp-content\/uploads\/2023\/08\/cropped-cropped-logo-1.webp","contentUrl":"https:\/\/fuemi-kijufa.de\/wp-content\/uploads\/2023\/08\/cropped-cropped-logo-1.webp","width":250,"height":250,"caption":"F\u00fcreinander - Miteinander f\u00fcr Kinder, Jugendliche und Familien e.V"},"image":{"@id":"https:\/\/fuemi-kijufa.de\/#\/schema\/logo\/image\/"},"sameAs":["https:\/\/www.facebook.com\/fuereinandermiteinanderev","https:\/\/www.instagram.com\/fuereinandermiteinanderev\/"]}]}},"_links":{"self":[{"href":"https:\/\/fuemi-kijufa.de\/index.php\/wp-json\/wp\/v2\/pages\/129","targetHints":{"allow":["GET"]}}],"collection":[{"href":"https:\/\/fuemi-kijufa.de\/index.php\/wp-json\/wp\/v2\/pages"}],"about":[{"href":"https:\/\/fuemi-kijufa.de\/index.php\/wp-json\/wp\/v2\/types\/page"}],"author":[{"embeddable":true,"href":"https:\/\/fuemi-kijufa.de\/index.php\/wp-json\/wp\/v2\/users\/1"}],"replies":[{"embeddable":true,"href":"https:\/\/fuemi-kijufa.de\/index.php\/wp-json\/wp\/v2\/comments?post=129"}],"version-history":[{"count":17,"href":"https:\/\/fuemi-kijufa.de\/index.php\/wp-json\/wp\/v2\/pages\/129\/revisions"}],"predecessor-version":[{"id":358,"href":"https:\/\/fuemi-kijufa.de\/index.php\/wp-json\/wp\/v2\/pages\/129\/revisions\/358"}],"wp:attachment":[{"href":"https:\/\/fuemi-kijufa.de\/index.php\/wp-json\/wp\/v2\/media?parent=129"}],"curies":[{"name":"wp","href":"https:\/\/api.w.org\/{rel}","templated":true}]}}